{"id":1836,"date":"2024-09-28T07:21:30","date_gmt":"2024-09-28T07:21:30","guid":{"rendered":"https:\/\/complementary-therapies.com\/mauritius\/?page_id=1836"},"modified":"2024-09-28T11:57:06","modified_gmt":"2024-09-28T11:57:06","slug":"cours-de-massage","status":"publish","type":"page","link":"https:\/\/complementary-therapies.com\/mauritius\/fr\/cours-de-massage\/","title":{"rendered":"Cours de massage"},"content":{"rendered":"\t\t<div data-elementor-type=\"wp-page\" data-elementor-id=\"1836\" class=\"elementor elementor-1836\">\n\t\t\t\t\t\t<section class=\"elementor-section elementor-top-section elementor-element elementor-element-1b72086 thsn-col-stretched-none thsn-bg-color-over-image elementor-section-boxed elementor-section-height-default elementor-section-height-default\" data-id=\"1b72086\" data-element_type=\"section\">\n\t\t\t\t\t\t<div class=\"elementor-container elementor-column-gap-default\">\n\t\t\t\t\t<div class=\"elementor-column elementor-col-50 elementor-top-column elementor-element elementor-element-7e4655b thsn-bg-color-over-image\" data-id=\"7e4655b\" data-element_type=\"column\">\n\t\t\t<div class=\"elementor-widget-wrap elementor-element-populated\">\n\t\t\t\t\t\t<div class=\"elementor-element elementor-element-0b8831c elementor-widget elementor-widget-image\" data-id=\"0b8831c\" data-element_type=\"widget\" data-widget_type=\"image.default\">\n\t\t\t\t<div class=\"elementor-widget-container\">\n\t\t\t\t\t\t\t\t\t\t\t\t\t<img fetchpriority=\"high\" decoding=\"async\" width=\"662\" height=\"593\" src=\"https:\/\/complementary-therapies.com\/mauritius\/wp-content\/uploads\/2024\/09\/complementarytherapiesmauritius03.jpg\" class=\"attachment-large size-large wp-image-1575\" alt=\"\" srcset=\"https:\/\/complementary-therapies.com\/mauritius\/wp-content\/uploads\/2024\/09\/complementarytherapiesmauritius03.jpg 662w, https:\/\/complementary-therapies.com\/mauritius\/wp-content\/uploads\/2024\/09\/complementarytherapiesmauritius03-300x269.jpg 300w\" sizes=\"(max-width: 662px) 100vw, 662px\" \/>\t\t\t\t\t\t\t\t\t\t\t\t\t<\/div>\n\t\t\t\t<\/div>\n\t\t\t\t\t<\/div>\n\t\t<\/div>\n\t\t\t\t<div class=\"elementor-column elementor-col-50 elementor-top-column elementor-element elementor-element-217de47 thsn-bg-color-over-image\" data-id=\"217de47\" data-element_type=\"column\">\n\t\t\t<div class=\"elementor-widget-wrap elementor-element-populated\">\n\t\t\t\t\t\t<div class=\"elementor-element elementor-element-7cef5a7a thsn-align-left elementor-widget elementor-widget-thsn_heading\" data-id=\"7cef5a7a\" data-element_type=\"widget\" data-widget_type=\"thsn_heading.default\">\n\t\t\t\t<div class=\"elementor-widget-container\">\n\t\t\t\t<div class=\"thsn-heading-subheading left-align thsn-reverse-heading-yes\"><h2 class=\"thsn-element-title\">\r\n\t\t\t\r\n\t\t\t\tQUELS SONT LES MEILLEURS COURS DE MASSAGE ET POURQUOI ?\r\n\t\t\t\r\n\t\t\t<\/h2>\r\n\t\t<\/div>\t\t<\/div>\n\t\t\t\t<\/div>\n\t\t\t\t<div class=\"elementor-element elementor-element-79a5f986 thsn-firstlater-2 elementor-widget elementor-widget-text-editor\" data-id=\"79a5f986\" data-element_type=\"widget\" data-widget_type=\"text-editor.default\">\n\t\t\t\t<div class=\"elementor-widget-container\">\n\t\t\t\t\t\t\t<p>Il existe plusieurs voies pour devenir un massoth\u00e9rapeute qualifi\u00e9 et de nombreuses \u00e9coles de formation en massage parmi lesquelles choisir. De plus, il existe de nombreux cours offrant diff\u00e9rents types de qualifications.<\/p>\t\t\t\t\t\t<\/div>\n\t\t\t\t<\/div>\n\t\t\t\t<div class=\"elementor-element elementor-element-59c4aa95 elementor-widget elementor-widget-text-editor\" data-id=\"59c4aa95\" data-element_type=\"widget\" data-widget_type=\"text-editor.default\">\n\t\t\t\t<div class=\"elementor-widget-container\">\n\t\t\t\t\t\t\t<p>Les cours de dipl\u00f4me en massage les plus populaires sont :<\/p>\t\t\t\t\t\t<\/div>\n\t\t\t\t<\/div>\n\t\t\t\t<div class=\"elementor-element elementor-element-11c6261a thsn-list-style-2 elementor-icon-list--layout-traditional elementor-list-item-link-full_width elementor-widget elementor-widget-icon-list\" data-id=\"11c6261a\" data-element_type=\"widget\" data-widget_type=\"icon-list.default\">\n\t\t\t\t<div class=\"elementor-widget-container\">\n\t\t\t\t\t<ul class=\"elementor-icon-list-items\">\n\t\t\t\t\t\t\t<li class=\"elementor-icon-list-item\">\n\t\t\t\t\t\t\t\t\t\t\t<span class=\"elementor-icon-list-icon\">\n\t\t\t\t\t\t\t<i aria-hidden=\"true\" class=\"far fa-check-circle\"><\/i>\t\t\t\t\t\t<\/span>\n\t\t\t\t\t\t\t\t\t\t<span class=\"elementor-icon-list-text\">Massage corporel su\u00e9dois (holistique)<\/span>\n\t\t\t\t\t\t\t\t\t<\/li>\n\t\t\t\t\t\t\t\t<li class=\"elementor-icon-list-item\">\n\t\t\t\t\t\t\t\t\t\t\t<span class=\"elementor-icon-list-icon\">\n\t\t\t\t\t\t\t<i aria-hidden=\"true\" class=\"far fa-check-circle\"><\/i>\t\t\t\t\t\t<\/span>\n\t\t\t\t\t\t\t\t\t\t<span class=\"elementor-icon-list-text\">Massage des tissus profonds<\/span>\n\t\t\t\t\t\t\t\t\t<\/li>\n\t\t\t\t\t\t\t\t<li class=\"elementor-icon-list-item\">\n\t\t\t\t\t\t\t\t\t\t\t<span class=\"elementor-icon-list-icon\">\n\t\t\t\t\t\t\t<i aria-hidden=\"true\" class=\"far fa-check-circle\"><\/i>\t\t\t\t\t\t<\/span>\n\t\t\t\t\t\t\t\t\t\t<span class=\"elementor-icon-list-text\">Shiatsu<\/span>\n\t\t\t\t\t\t\t\t\t<\/li>\n\t\t\t\t\t\t\t\t<li class=\"elementor-icon-list-item\">\n\t\t\t\t\t\t\t\t\t\t\t<span class=\"elementor-icon-list-icon\">\n\t\t\t\t\t\t\t<i aria-hidden=\"true\" class=\"far fa-check-circle\"><\/i>\t\t\t\t\t\t<\/span>\n\t\t\t\t\t\t\t\t\t\t<span class=\"elementor-icon-list-text\">R\u00e9flexologie plantaire<\/span>\n\t\t\t\t\t\t\t\t\t<\/li>\n\t\t\t\t\t\t\t\t<li class=\"elementor-icon-list-item\">\n\t\t\t\t\t\t\t\t\t\t\t<span class=\"elementor-icon-list-icon\">\n\t\t\t\t\t\t\t<i aria-hidden=\"true\" class=\"far fa-check-circle\"><\/i>\t\t\t\t\t\t<\/span>\n\t\t\t\t\t\t\t\t\t\t<span class=\"elementor-icon-list-text\">Massage aromath\u00e9rapeutique<\/span>\n\t\t\t\t\t\t\t\t\t<\/li>\n\t\t\t\t\t\t\t\t<li class=\"elementor-icon-list-item\">\n\t\t\t\t\t\t\t\t\t\t\t<span class=\"elementor-icon-list-icon\">\n\t\t\t\t\t\t\t<i aria-hidden=\"true\" class=\"far fa-check-circle\"><\/i>\t\t\t\t\t\t<\/span>\n\t\t\t\t\t\t\t\t\t\t<span class=\"elementor-icon-list-text\">Cours de massage et de spa<\/span>\n\t\t\t\t\t\t\t\t\t<\/li>\n\t\t\t\t\t\t\t\t<li class=\"elementor-icon-list-item\">\n\t\t\t\t\t\t\t\t\t\t\t<span class=\"elementor-icon-list-icon\">\n\t\t\t\t\t\t\t<i aria-hidden=\"true\" class=\"far fa-check-circle\"><\/i>\t\t\t\t\t\t<\/span>\n\t\t\t\t\t\t\t\t\t\t<span class=\"elementor-icon-list-text\">Drainage bio\u00e9nerg\u00e9tique<\/span>\n\t\t\t\t\t\t\t\t\t<\/li>\n\t\t\t\t\t\t\t\t<li class=\"elementor-icon-list-item\">\n\t\t\t\t\t\t\t\t\t\t\t<span class=\"elementor-icon-list-icon\">\n\t\t\t\t\t\t\t<i aria-hidden=\"true\" class=\"far fa-check-circle\"><\/i>\t\t\t\t\t\t<\/span>\n\t\t\t\t\t\t\t\t\t\t<span class=\"elementor-icon-list-text\">Sport<\/span>\n\t\t\t\t\t\t\t\t\t<\/li>\n\t\t\t\t\t\t<\/ul>\n\t\t\t\t<\/div>\n\t\t\t\t<\/div>\n\t\t\t\t\t<\/div>\n\t\t<\/div>\n\t\t\t\t\t<\/div>\n\t\t<\/section>\n\t\t\t\t<section class=\"elementor-section elementor-top-section elementor-element elementor-element-fm2a55k elementor-section-content-top thsn-col-stretched-none thsn-bg-color-over-image elementor-section-boxed elementor-section-height-default elementor-section-height-default\" data-id=\"fm2a55k\" data-element_type=\"section\" data-settings=\"{&quot;background_background&quot;:&quot;classic&quot;}\">\n\t\t\t\t\t\t\t<div class=\"elementor-background-overlay\"><\/div>\n\t\t\t\t\t\t\t<div class=\"elementor-container elementor-column-gap-no\">\n\t\t\t\t\t<div class=\"elementor-column elementor-col-100 elementor-top-column elementor-element elementor-element-51e9076 thsn-bg-color-over-image\" data-id=\"51e9076\" data-element_type=\"column\">\n\t\t\t<div class=\"elementor-widget-wrap elementor-element-populated\">\n\t\t\t\t\t\t<div class=\"elementor-element elementor-element-bfa6d99 elementor-widget elementor-widget-heading\" data-id=\"bfa6d99\" data-element_type=\"widget\" data-widget_type=\"heading.default\">\n\t\t\t\t<div class=\"elementor-widget-container\">\n\t\t\t<h3 class=\"elementor-heading-title elementor-size-default\">Certainement ! Si vous envisagez une carri\u00e8re en th\u00e9rapie par le massage, <br>oobtenir un dipl\u00f4me peut offrir plusieurs avantages.<\/h3>\t\t<\/div>\n\t\t\t\t<\/div>\n\t\t\t\t<div class=\"elementor-element elementor-element-35bfc9c elementor-widget elementor-widget-heading\" data-id=\"35bfc9c\" data-element_type=\"widget\" data-widget_type=\"heading.default\">\n\t\t\t\t<div class=\"elementor-widget-container\">\n\t\t\t<h2 class=\"elementor-heading-title elementor-size-default\">Voici quelques avantages:<\/h2>\t\t<\/div>\n\t\t\t\t<\/div>\n\t\t\t\t<section class=\"elementor-section elementor-inner-section elementor-element elementor-element-ee4d600 thsn-col-stretched-none thsn-bg-color-over-image elementor-section-boxed elementor-section-height-default elementor-section-height-default\" data-id=\"ee4d600\" data-element_type=\"section\">\n\t\t\t\t\t\t<div class=\"elementor-container elementor-column-gap-default\">\n\t\t\t\t\t<div class=\"elementor-column elementor-col-50 elementor-inner-column elementor-element elementor-element-d6daa70 thsn-bg-color-over-image\" data-id=\"d6daa70\" data-element_type=\"column\">\n\t\t\t<div class=\"elementor-widget-wrap elementor-element-populated\">\n\t\t\t\t\t\t<div class=\"elementor-element elementor-element-27912c3 elementor-vertical-align-top elementor-widget elementor-widget-image-box\" data-id=\"27912c3\" data-element_type=\"widget\" data-widget_type=\"image-box.default\">\n\t\t\t\t<div class=\"elementor-widget-container\">\n\t\t\t<div class=\"elementor-image-box-wrapper\"><div class=\"elementor-image-box-content\"><p class=\"elementor-image-box-description\"><strong>Formation compl\u00e8te : <\/strong><br>\nQue vous poursuiviez un dipl\u00f4me ou un dipl\u00f4me universitaire, les deux programmes couvrent des comp\u00e9tences essentielles. Vous apprendrez diff\u00e9rentes techniques de massage et acquerrez des connaissances sur l'anatomie et la physiologie humaines. Ces cours fondamentaux vous pr\u00e9parent \u00e0 fournir un soulagement efficace aux clients.<\/p><\/div><\/div>\t\t<\/div>\n\t\t\t\t<\/div>\n\t\t\t\t<div class=\"elementor-element elementor-element-f9e3301 elementor-vertical-align-top elementor-widget elementor-widget-image-box\" data-id=\"f9e3301\" data-element_type=\"widget\" data-widget_type=\"image-box.default\">\n\t\t\t\t<div class=\"elementor-widget-container\">\n\t\t\t<div class=\"elementor-image-box-wrapper\"><div class=\"elementor-image-box-content\"><p class=\"elementor-image-box-description\"><strong>Stabilit\u00e9 et croissance de carri\u00e8re :<\/strong><br>\nEn vous inscrivant \u00e0 un programme de th\u00e9rapie par le massage, vous augmentez vos chances de b\u00e9n\u00e9ficier d'opportunit\u00e9s professionnelles et de stabilit\u00e9 \u00e0 long terme. De nombreux th\u00e9rapeutes nouvellement dipl\u00f4m\u00e9s commencent dans des postes de d\u00e9butants et peuvent \u00e9voluer vers des r\u00f4les de direction..<\/p><\/div><\/div>\t\t<\/div>\n\t\t\t\t<\/div>\n\t\t\t\t<div class=\"elementor-element elementor-element-2946abe elementor-vertical-align-top elementor-widget elementor-widget-image-box\" data-id=\"2946abe\" data-element_type=\"widget\" data-widget_type=\"image-box.default\">\n\t\t\t\t<div class=\"elementor-widget-container\">\n\t\t\t<div class=\"elementor-image-box-wrapper\"><div class=\"elementor-image-box-content\"><p class=\"elementor-image-box-description\"><strong>Am\u00e9lioration de l'employabilit\u00e9 :<\/strong><br> Une formation formelle am\u00e9liore votre niveau de comp\u00e9tence, vous rendant plus attrayant pour les employeurs potentiels. Plus vous \u00eates bien form\u00e9, meilleures sont vos chances d'\u00eatre embauch\u00e9..<\/p><\/div><\/div>\t\t<\/div>\n\t\t\t\t<\/div>\n\t\t\t\t\t<\/div>\n\t\t<\/div>\n\t\t\t\t<div class=\"elementor-column elementor-col-50 elementor-inner-column elementor-element elementor-element-ea29147 thsn-bg-color-over-image\" data-id=\"ea29147\" data-element_type=\"column\">\n\t\t\t<div class=\"elementor-widget-wrap elementor-element-populated\">\n\t\t\t\t\t\t<div class=\"elementor-element elementor-element-c7ec460 elementor-vertical-align-top elementor-widget elementor-widget-image-box\" data-id=\"c7ec460\" data-element_type=\"widget\" data-widget_type=\"image-box.default\">\n\t\t\t\t<div class=\"elementor-widget-container\">\n\t\t\t<div class=\"elementor-image-box-wrapper\"><div class=\"elementor-image-box-content\"><p class=\"elementor-image-box-description\"><strong> Networking Opportunities:<\/strong><br> Faire partie d'un programme de th\u00e9rapie par le massage vous permet de vous connecter avec des professionnels du secteur, des formateurs et d'autres \u00e9tudiants. Le r\u00e9seautage peut ouvrir des portes \u00e0 des opportunit\u00e9s d'emploi et \u00e0 des connexions pr\u00e9cieuses<\/p><\/div><\/div>\t\t<\/div>\n\t\t\t\t<\/div>\n\t\t\t\t<div class=\"elementor-element elementor-element-14cc187 elementor-vertical-align-top elementor-widget elementor-widget-image-box\" data-id=\"14cc187\" data-element_type=\"widget\" data-widget_type=\"image-box.default\">\n\t\t\t\t<div class=\"elementor-widget-container\">\n\t\t\t<div class=\"elementor-image-box-wrapper\"><div class=\"elementor-image-box-content\"><p class=\"elementor-image-box-description\"><strong>Professionnalisme et comp\u00e9tences en affaires: <\/strong><br> Un programme dipl\u00f4mant met l'accent sur le professionnalisme, l'\u00e9thique et les comp\u00e9tences en affaires. Ces qualit\u00e9s sont essentielles pour construire une pratique de massoth\u00e9rapie r\u00e9ussie.<\/p><\/div><\/div>\t\t<\/div>\n\t\t\t\t<\/div>\n\t\t\t\t\t<\/div>\n\t\t<\/div>\n\t\t\t\t\t<\/div>\n\t\t<\/section>\n\t\t\t\t\t<\/div>\n\t\t<\/div>\n\t\t\t\t\t<\/div>\n\t\t<\/section>\n\t\t\t\t<section class=\"elementor-section elementor-top-section elementor-element elementor-element-3fabd814 thsn-col-stretched-both elementor-section-stretched thsn-bg-color-over-image elementor-section-boxed elementor-section-height-default elementor-section-height-default\" data-id=\"3fabd814\" data-element_type=\"section\" data-settings=\"{&quot;stretch_section&quot;:&quot;section-stretched&quot;}\">\n\t\t\t\t\t\t<div class=\"elementor-container elementor-column-gap-default\">\n\t\t\t\t\t<div class=\"elementor-column elementor-col-50 elementor-top-column elementor-element elementor-element-55e66c48 thsn-bg-color-yes thsn-elementor-bg-color-light thsn-bg-color-over-image\" data-id=\"55e66c48\" data-element_type=\"column\">\n\t\t\t<div class=\"elementor-widget-wrap elementor-element-populated\">\n\t\t\t\t\t\t<div class=\"elementor-element elementor-element-684c6a92 thsn-align-left elementor-widget elementor-widget-thsn_testimonial_element\" data-id=\"684c6a92\" data-element_type=\"widget\" data-widget_type=\"thsn_testimonial_element.default\">\n\t\t\t\t<div class=\"elementor-widget-container\">\n\t\t\t\r\n\t\t<div class=\"themesion-element themesion-element-testimonial thsn-element-testimonial-style-3 themesion-element-viewtype-carousel themesion-gap-30px thsn-infinite-scroll-no thsn-infinite-scroll-button-no\" data-cpt=\"testimonial\" data-totalpagination=\"2\" data-style=\"3\" data-show=\"3\" data-columns=\"2\" data-loop=\"false\" data-autoplay=\"false\" data-center=\"false\" data-nav=\"false\" data-dots=\"false\" data-autoplayspeed=\"1000\" data-margin=\"30px\"><div class=\"themesion-element-inner\"><div class=\"thsn-infinite-scroll-data\">{\"cpt\":\"testimonial\",\"style\":\"3\",\"columns\":\"2\",\"show\":3,\"order\":\"DESC\",\"orderby\":\"DESC\"}<\/div>\t\t\t\t<div class=\"thsn-ele-header-area\">\r\n\t\t\t\t\t\t<div class=\"thsn-heading-subheading left-align thsn-reverse-heading-yes\"><h4 class=\"thsn-element-subtitle\">\r\n\t\t\t\r\n\t\t\t\tTestimonial\r\n\t\t\t\r\n\t\t\t<\/h4>\r\n\t\t<h2 class=\"thsn-element-title\">\r\n\t\t\t\r\n\t\t\t\tWhat People Say about Us\r\n\t\t\t\r\n\t\t\t<\/h2>\r\n\t\t<\/div>\t\t\t\t<\/div>\r\n\t\t\t\t\t<div class=\"thsn-carousel-navs\">\r\n\t\t\t\t\t\t<a href=\"#\" class=\"thsn-carousel-prev\"><i class=\"thsn-base-icon-right-arrow-2\"><\/i><\/a>\r\n\t\t\t\t\t\t<a href=\"#\" class=\"thsn-carousel-next\"><i class=\"thsn-base-icon-right-arrow-2\"><\/i><\/a>\r\n\t\t\t\t\t<\/div>\r\n\t\t\t\t\r\n\t\t\t\t\r\n\t\t\t<div class=\"thsn-element-posts-wrapper row multi-columns-row\">\r\n\t\t\t<article class=\"thsn-ele thsn-ele-testimonial thsn-testimonial-style-3 col-md-6  thsn-odd thsn-col-odd\"><div class=\"themesion-post-item\">\r\n\t<div class=\"themesion-box-content\">\t\r\n\t\t<div class=\"themesion-testimonial-wrapper\">\r\n\t\t\t<div class=\"themesion-box-desc\">\r\n\t\t\t\t<blockquote class=\"themesion-testimonial-text\"><p>Best therapist, knowledgeable and focus on your needs.<br \/>Highly recommended.<\/p>\n<\/blockquote>\r\n\t\t\t\t<div class=\"themesion-box-star-ratings\"><i class=\"thsn-base-icon-star thsn-active\"><\/i><i class=\"thsn-base-icon-star thsn-active\"><\/i><i class=\"thsn-base-icon-star thsn-active\"><\/i><i class=\"thsn-base-icon-star thsn-active\"><\/i><i class=\"thsn-base-icon-star thsn-active\"><\/i><\/div>\t\t\t<\/div>\r\n\t\t\t<div class=\"themesion-box-img d-flex align-items-center\">\r\n\t\t\t\t\t\t\t\t<div class=\"themesion-box-author\">\r\n\t\t\t\t\t<h3 class=\"themesion-box-title\">AK<\/h3>\r\n\t\t\t\t\t\t\t\t\t<\/div>\r\n\t\t\t<\/div>\r\n\t\t<\/div>\r\n\t<\/div>\t\r\n<\/div><\/article><article class=\"thsn-ele thsn-ele-testimonial thsn-testimonial-style-3 col-md-6  thsn-even thsn-col-odd\"><div class=\"themesion-post-item\">\r\n\t<div class=\"themesion-box-content\">\t\r\n\t\t<div class=\"themesion-testimonial-wrapper\">\r\n\t\t\t<div class=\"themesion-box-desc\">\r\n\t\t\t\t<blockquote class=\"themesion-testimonial-text\"><p>The best mentor not because he is my dad but he taught me how to be a top trainer while being humble and nice to people.<\/p>\n<\/blockquote>\r\n\t\t\t\t<div class=\"themesion-box-star-ratings\"><i class=\"thsn-base-icon-star thsn-active\"><\/i><i class=\"thsn-base-icon-star thsn-active\"><\/i><i class=\"thsn-base-icon-star thsn-active\"><\/i><i class=\"thsn-base-icon-star thsn-active\"><\/i><i class=\"thsn-base-icon-star thsn-active\"><\/i><\/div>\t\t\t<\/div>\r\n\t\t\t<div class=\"themesion-box-img d-flex align-items-center\">\r\n\t\t\t\t\t\t\t\t<div class=\"themesion-box-author\">\r\n\t\t\t\t\t<h3 class=\"themesion-box-title\">HJ<\/h3>\r\n\t\t\t\t\t\t\t\t\t<\/div>\r\n\t\t\t<\/div>\r\n\t\t<\/div>\r\n\t<\/div>\t\r\n<\/div><\/article><article class=\"thsn-ele thsn-ele-testimonial thsn-testimonial-style-3 col-md-6  thsn-odd thsn-col-even\"><div class=\"themesion-post-item\">\r\n\t<div class=\"themesion-box-content\">\t\r\n\t\t<div class=\"themesion-testimonial-wrapper\">\r\n\t\t\t<div class=\"themesion-box-desc\">\r\n\t\t\t\t<blockquote class=\"themesion-testimonial-text\"><p>The best mentor not because he is my dad but he taught me how to be a top trainer while being humble and nice to people.<\/p>\n<\/blockquote>\r\n\t\t\t\t<div class=\"themesion-box-star-ratings\"><i class=\"thsn-base-icon-star thsn-active\"><\/i><i class=\"thsn-base-icon-star thsn-active\"><\/i><i class=\"thsn-base-icon-star thsn-active\"><\/i><i class=\"thsn-base-icon-star thsn-active\"><\/i><i class=\"thsn-base-icon-star thsn-active\"><\/i><\/div>\t\t\t<\/div>\r\n\t\t\t<div class=\"themesion-box-img d-flex align-items-center\">\r\n\t\t\t\t\t\t\t\t<div class=\"themesion-box-author\">\r\n\t\t\t\t\t<h3 class=\"themesion-box-title\">HJ<\/h3>\r\n\t\t\t\t\t\t\t\t\t<\/div>\r\n\t\t\t<\/div>\r\n\t\t<\/div>\r\n\t<\/div>\t\r\n<\/div><\/article>\r\n\t\t\t<\/div>\r\n\r\n\t\t\t\r\n\t\t\r\n\t\t\r\n\t\t<\/div><!-- .themesion-element-inner -->   <\/div><!-- .themesion-element -->  \r\n\t    \t\t<\/div>\n\t\t\t\t<\/div>\n\t\t\t\t\t<\/div>\n\t\t<\/div>\n\t\t\t\t<div class=\"elementor-column elementor-col-50 elementor-top-column elementor-element elementor-element-2726918b thsn-bg-color-over-image\" data-id=\"2726918b\" data-element_type=\"column\" data-settings=\"{&quot;background_background&quot;:&quot;classic&quot;}\">\n\t\t\t<div class=\"elementor-widget-wrap\">\n\t\t\t\t\t\t\t<\/div>\n\t\t<\/div>\n\t\t\t\t\t<\/div>\n\t\t<\/section>\n\t\t\t\t<\/div>\n\t\t","protected":false},"excerpt":{"rendered":"<p>QUELS SONT LES MEILLEURS COURS DE MASSAGE ET POURQUOI ? Il existe plusieurs voies pour devenir un massoth\u00e9rapeute qualifi\u00e9 et de nombreuses \u00e9coles de formation en massage parmi lesquelles choisir. De plus, il existe de nombreux cours offrant diff\u00e9rents types de qualifications. Les cours de dipl\u00f4me en massage les plus populaires sont : Massage corporel su\u00e9dois (holistique) Massage des tissus profonds Shiatsu R\u00e9flexologie plantaire Massage aromath\u00e9rapeutique Cours de massage et[&hellip;]<\/p>\n","protected":false},"author":1,"featured_media":0,"parent":0,"menu_order":4,"comment_status":"closed","ping_status":"closed","template":"","meta":{"_acf_changed":false,"_uag_custom_page_level_css":"","footnotes":""},"class_list":["post-1836","page","type-page","status-publish","hentry"],"acf":[],"uagb_featured_image_src":{"full":false,"thumbnail":false,"medium":false,"medium_large":false,"large":false,"1536x1536":false,"2048x2048":false,"thsn-img-800x770":false,"thsn-img-500x700":false,"thsn-img-600x800":false,"thsn-img-770x350":false,"thsn-img-600x700":false,"thsn-img-770x635":false,"thsn-img-770x500":false,"thsn-img-770x9999":false,"thsn-img-770x770":false,"thsn-img-300x300":false,"thsn-img-500x560":false,"thsn-img-800x256":false},"uagb_author_info":{"display_name":"webmaster.jblapierre","author_link":"https:\/\/complementary-therapies.com\/mauritius\/author\/webmaster-jblapierre\/"},"uagb_comment_info":0,"uagb_excerpt":"QUELS SONT LES MEILLEURS COURS DE MASSAGE ET POURQUOI ? Il existe plusieurs voies pour devenir un massoth\u00e9rapeute qualifi\u00e9 et de nombreuses \u00e9coles de formation en massage parmi lesquelles choisir. De plus, il existe de nombreux cours offrant diff\u00e9rents types de qualifications. Les cours de dipl\u00f4me en massage les plus populaires sont : Massage corporel&hellip;","_links":{"self":[{"href":"https:\/\/complementary-therapies.com\/mauritius\/wp-json\/wp\/v2\/pages\/1836"}],"collection":[{"href":"https:\/\/complementary-therapies.com\/mauritius\/wp-json\/wp\/v2\/pages"}],"about":[{"href":"https:\/\/complementary-therapies.com\/mauritius\/wp-json\/wp\/v2\/types\/page"}],"author":[{"embeddable":true,"href":"https:\/\/complementary-therapies.com\/mauritius\/wp-json\/wp\/v2\/users\/1"}],"replies":[{"embeddable":true,"href":"https:\/\/complementary-therapies.com\/mauritius\/wp-json\/wp\/v2\/comments?post=1836"}],"version-history":[{"count":7,"href":"https:\/\/complementary-therapies.com\/mauritius\/wp-json\/wp\/v2\/pages\/1836\/revisions"}],"predecessor-version":[{"id":1898,"href":"https:\/\/complementary-therapies.com\/mauritius\/wp-json\/wp\/v2\/pages\/1836\/revisions\/1898"}],"wp:attachment":[{"href":"https:\/\/complementary-therapies.com\/mauritius\/wp-json\/wp\/v2\/media?parent=1836"}],"curies":[{"name":"wp","href":"https:\/\/api.w.org\/{rel}","templated":true}]}}